*q + 11091. What is the units digit of s?
4
Let p be (-9)/12 + 3391/4 + 4. Let i = p - 441. What is the units digit of i?
0
Suppose -131860 = -5*b + 142255. What is the tens digit of b?
2
Let m(g) = -g**2 + 8*g + 7. Let n be m(3). Let j(f) = f + 38 + 13*f**2 - n - 17 - 5*f. What is the units digit of j(3)?
4
Let a be ((-6)/(-12) - -1)/(3/(-4)). What is the units digit of a/(1*-3 - 10672/(-3568))?
3
Suppose 0 = 3*f - 109 - 86. Suppose -37*v - f = -42*v. What is the tens digit of v?
1
Suppose -5*h = -3*h + 11*h - 104338. What is the hundreds digit of h?
0
Suppose 4*j + 6*j = -910. Let i be 3/8 - j/56. Suppose -4*t = -i*u - 8*t + 132, 0 = 5*u + 2*t - 330. What is the tens digit of u?
6
Suppose 9*h - 4*h = -275. Let c = h - -221. What is the tens digit of 3/6*-6 + c?
6
Let f = -108 - -108. Suppose -12*m - 4*m + 4496 = f. What is the hundreds digit of m?
2
Let d be 144/63 - 2/7. Suppose -7*x + 3*x + y = -1819, d*x = y + 907. Suppose 96 + x = 8*a. What is the units digit of a?
9
Suppose -3*t = 2*p - 149, t + t = 4*p - 258. Suppose -x + 90 = -5*n, 2*x - 68 - p = n. What is the tens digit of x?
6
Let p(q) be the third derivative of -1/60*q**5 - 5/6*q**4 + 0 + 16*q**2 + 0*q - 1/6*q**3. What is the tens digit of p(-12)?
9
Suppose 20*x + 293218 + 296282 = 65*x. What is the hundreds digit of x?
1
What is the tens digit of ((-210)/(-336))/((-1)/(-8)) + 1116?
2
Let m(h) = 2*h - 1. Let d(u) = 23*u - 16. Let w(v) = -d(v) - m(v). Let n(a) = -a**3 + 10*a**2 - 17*a + 2. Let t be n(8). What is the hundreds digit of w(t)?
1
Let z = -2709 - -1929. What is the tens digit of ((-74)/(-8))/((-15)/z)?
8
Suppose 0 = -5*d + t + 48729, 17*d - 2*t + 38972 = 21*d. What is the thousands digit of d?
9
Let c(r) = 29*r**2 + 33*r + 77. Let p(a) = 10*a**2 + 11*a + 26. Let n(w) = 6*c(w) - 17*p(w). What is the hundreds digit of n(-10)?
3
Suppose 0 = -14*g + 3*g + 1067. Let t = g - 89. Let y(v) = -v**2 + 8*v + 26. What is the tens digit of y(t)?
2
Let f(m) = 3142*m**3 - 7*m**2 - 10*m + 23. What is the units digit of f(2)?
1
Let a = -2318 + 4177. What is the hundreds digit of a?
8
Let y(c) = -80*c - 65. Let j be y(5). Let z = j + 942. What is the hundreds digit of z?
4
Let s(y) = y**2 - 2*y - 20. Let d be s(-5). Suppose d*x = 6*x + 2817. What is the units digit of x?
3
Suppose -23*c - 11*c = 9*c - 2820327. What is the hundreds digit of c?
5
Let j = 412 + -408. Suppose 0 = -j*z - 19 + 7, 3*a + 5*z = 891. What is the units digit of a?
2
What is the thousands digit of 12/(-52)*48366110/(-390)?
8
Let n(j) be the second derivative of j**5/20 - 5*j**4/6 - j**3 + j**2/2 - 15*j. Let g be n(11). What is the units digit of ((-12)/14)/((-12)/g)?
4
Let h be (-3)/24*-10*136/2. Let d be 17/h - 2678/(-10). Let z = d - 144. What is the hundreds digit of z?
1
Suppose -16546 + 60105 = 15*p - 46891. What is the units digit of p?
0
Suppose -94*a + 12 = -97*a. Let y(i) = -4*i**3 + 3*i**2 - 5*i - 17. What is the tens digit of y(a)?
0
Let z = -24805 - -36508. What is the ten thousands digit of z?
1
Let u(i) = -76*i + 52. Let m be u(-10). Let s = m - 547. What is the units digit of s?
5
Suppose 11*b + 1512 = 5615. Let j = b + -216. What is the tens digit of j?
5
Suppose 4*c + 291 = -153. What is the hundreds digit of (15/5 + c/6)*-82?
2
Suppose 103*k - 29*k = -32*k + 3336032. What is the tens digit of k?
7
Let w(l) = -l**2 + 5*l + 15. Let x be w(6). Suppose -5*v = -2*k - 14, x = -k + 6*v - 3*v. Suppose -k*m = -8*m + 245. What is the units digit of m?
9
Let c(u) = -u**3 + 36*u**2 + u - 27. Let p be c(36). Suppose p*t = -7*t + 17072. What is the tens digit of t?
6
Suppose -217 = -3*v - 199. Suppose 5*j - 8*j + v = 0. What is the hundreds digit of -17 - -123 - 2/((-2)/j)?
1
Suppose -7545 = -7*t + 5174. What is the tens digit of t?
1
Let z = -83 + 87. Suppose -5*j = 4*p - 5955, -z*j + 8 = -4. What is the thousands digit of p?
1
Suppose 8*a - 6*a + x = 111392, 4*a + 4*x - 222772 = 0. What is the thousands digit of a?
5
Let b(w) be the first derivative of w**4/4 + 7*w**3/3 + 2*w**2 - 158. Let y(z) = -z**2 - 5*z + 10. Let m be y(-7). What is the tens digit of b(m)?
3
Let q(s) = s**2 + 9*s + 2. Let v be q(-8). Let z(h) = h**2 - 12*h + 17. Let w be z(13). What is the tens digit of (0 - w)*(-5)/(-75)*v?
1
Suppose 6*s = -52 + 214. What is the tens digit of (s - 1)/(7/14)?
5
Let m = 128 - 199. Let x = m + 359. What is the tens digit of x?
8
Let n(f) = f**3 - 8*f**2 - 17*f - 24. Let p be n(10). Let u(s) = s**3 - 9*s**2 + 8*s - 10. Let b be u(p). Let h = 82 - b. What is the tens digit of h?
5
Let n(o) = -6*o - 49. Let z be n(-9). Suppose 90 = z*x - 170. Suppose 4*h + 4*m - 344 = x, 4*m = -2*h + 196. What is the hundreds digit of h?
1
Suppose -6 = o + 2*u, 5*u + 45 = 5*o - 0*o. Let n be 5/((-5)/o)*(-3 - -2). Suppose 3*k - n*l + 5 = 0, 2*k + 4*l = 6*k. What is the units digit of k?
5
Let m = 11483 - 2323. What is the units digit of m?
0
Let k = 2175 + 541. Let w = k - 1626. What is the thousands digit of w?
1
Let g = 4099 - 2062. What is the thousands digit of g?
2
Suppose 2*b + 214*q - 65540 = 216*q, 2*b - 65510 = -3*q. What is the thousands digit of b?
2
Suppose 104*g + 40*g = 28*g + 576288. What is the thousands digit of g?
4
Let d be 5*4/120 - (-34054)/12. Suppose -6*o + d - 246 = 0. What is the tens digit of o?
3
Let d = 103 - 86. Let m = d - 193. Let u = m - -256. What is the tens digit of u?
8
Let s(v) = 2*v**3 + 30*v**2 - 5*v - 24. Let f be (-1886)/138 - (2/6)/1. Let y be s(f). What is the tens digit of (3 + 56/(-16))/((-1)/y)?
1
Let d(i) = -i**2 + 5*i + 26. Let p be d(8). Let u be (9/p)/(-3)*(-220)/66. Suppose -405 = u*y - 8*y. What is the units digit of y?
5
Let o = -1471 + 11467. What is the tens digit of o?
9
Suppose 0 = -8*b + 13*b + 15, -3*t - 3*b + 14550 = 0. What is the tens digit of t?
5
Suppose -9*c - 17*c + 24*c = -23020. What is the tens digit of c?
1
Let w(d) be the second derivative of d**4/4 - 7*d**3/6 - 6*d**2 + 2*d. Let b(n) = 10*n**2 + 349*n - 42. Let c be b(-35). What is the hundreds digit of w(c)?
1
What is the hundreds digit of 3 + (5009242/(-1806))/(2/(0 - 48))?
5
Let s = 201 + -196. Suppose 4*t - 70 - 22 = 0. Suppose 5*l - 36 = -3*r, s*r + 3*l = 3*r + t. What is the units digit of r?
7
Suppose i + 673 = -y, 9*i - 5*i = 5*y - 2665. Let q = i - -1061. What is the tens digit of q?
9
Suppose 136 = -13*h + 929. Let a = h + 32. Let f = -38 + a. What is the tens digit of f?
5
Suppose 69*k - 177888 - 175116 = 0. What is the units digit of k?
6
Let i(q) = -q**2 + 102*q - 414. What is the units digit of i(41)?
7
Suppose -2*i + 18976 = 3*o, -2*o - 8 + 0 = 0. Suppose -17*p + 6911 = -i. What is the hundreds digit of p?
9
Let x(p) = p**3 + 45*p**2 - 12*p + 148. What is the ten thousands digit of x(-29)?
1
Suppose -5*b - 13*b + 54 = 0. What is the units digit of 24/(93/(-32) + b)?
6
Let h = 19245 + -4113. What is the tens digit of h?
3
Let t = 227 + -217. Suppose t*w = 11*w - 1657. What is the hundreds digit of w?
6
Let v(s) = -2*s**2 + s + 4. Let w be v(6). Suppose 238 = 5*n - 227. Let r = w + n. What is the tens digit of r?
3
Suppose 0 = -6*q + 10 + 2. Let c be ((-9)/(-6))/(q/24) + 0. Suppose c*k - 16*k - 226 = 0. What is the hundreds digit of k?
1
Let v = 210 - 139. Let k = v - -470. What is the tens digit of k?
4
Suppose -n - 9 = -z, 0 = 4*z + 7*n - 4*n - 71. Suppose 3*r + z = 3*x - 7, 3*r + 2*x + 16 = 0. Let p = r - -125. What is the tens digit of p?
1
Suppose 5*y - 908 = 3*l, -5*l - 99 = 5*y - 1039. Suppose a + 380 = 4*z, -8*a + 7*a = 2*z - y. Let h = z - 29. What is the tens digit of h?
6
Suppose -15 + 24 = 3*y. Suppose -y*t = -0*t + 126. What is the units digit of (-182)/t - 2/(-3)?
5
What is the units digit of 3/(-17)*58189/(-3) + 10/85?
3
Let w(l) = -203*l - 5. What is the tens digit of w(-50)?
4
Suppose -22*f = -68300 + 1798 - 85100. What is the hundreds digit of f?
8
Let o(r) = 13*r**2 + 228*r - 148. What is the units digit of o(-37)?
3
Let x(z) = -z**2 - 27*z - 5. Suppose 4*n = 3*w - 33, 2*n + 2*w = -w - 21. What is the hundreds digit of x(n)?
1
What is the ten thousands digit of -6 - (140097/(-12) + 70/40)?
1
Let j(y) = y**2 + 5. Let w be j(0). Let d(p) = 11 - 5917*p + 2962*p + 2954*p. What is the units digit of d(w)?
6
Let w = 47180 - 11632. What is the units digit of w?
8
Let u = 19316 -